+ 3*d = 87. Calculate the remainder when 43 is divided by v.
13
Let v(z) = -z**3 + 8*z**2 + 3*z - 12. Let d be v(4). Let c = d - 141. Let m = -55 - c. Calculate the remainder when m is divided by 5.
2
Let w(k) = 2*k**3 - 15*k**2 - k + 8. What is the remainder when 3645 is divided by w(8)?
61
Let u(x) = -11*x**3 + 2*x**2 + 5*x - 6. Let r be u(1). Let f = r - -7. Calculate the remainder when 140/(-30)*-6*f/(-3) is divided by 13.
2
Suppose -376*a = -273*a - 15656. Calculate the remainder when a is divided by 100.
52
Suppose -2*r + 40 = -0. Let a(m) = -119*m - 1. Suppose -3*w - w - 5*v = 4, -5*w - 5 = 4*v. What is the remainder when a(w) is divided by r?
18
Let d be (30/4)/(9/(-18)). Let x be 115/25 + (-6)/d. Suppose x - 15 = -l. Calculate the remainder when 49 is divided by l.
9
Calculate the remainder when -4 - (840/20)/((-2)/23) is divided by 81.
74
Let o(q) = -519*q + 222. What is the remainder when o(-7) is divided by 227?
223
Suppose 0 = -n + 3, 4*z - 18755 = 54*n - 51*n. Calculate the remainder when z is divided by 12.
11
Let i(s) = s**3 + 6*s**2 - 33*s - 77. What is the remainder when 365 is divided by i(-8)?
11
Let t(z) = 2*z**2 - 18*z - 88. Calculate the remainder when 655 is divided by t(13).
15
What is the remainder when 399 is divided by -2 + 9*(-152)/(-72)?
8
Suppose -3*t - 2839 = -g, 2*t - 2930 + 11461 = 3*g. What is the remainder when g is divided by 77?
73
Suppose -1678*w + 43424 = -1646*w. What is the remainder when w is divided by 441?
34
Suppose -12 = 3*r - 39. Let l = -444 - -517. Suppose 4*m + 13 - l = -5*o, -4*o - m = -48. What is the remainder when o is divided by r?
3
Calculate the remainder when (-2 - (1 - 0))*275500/(-1140) is divided by 13.
10
Let p be (-8)/(-6)*(-3)/(-24)*12. Suppose -p*y + 98 = -4*d, 0*y + 5*d = 4*y - 205. Let g = 59 - y. Calculate the remainder when 6 is divided by g.
2
Suppose -337*x + 300 = -332*x. What is the remainder when x is divided by 24?
12
Let w = -622 + 932. Let v = -302 + w. Calculate the remainder when 8 is divided by v.
0
Let z(w) = 172*w**3 - w**2 + 6*w - 6. Let s be z(1). Let b = s + -117. What is the remainder when b is divided by 19?
16
Calculate the remainder when 1662/(2 + 0)*41/((-1230)/(-220)) is divided by 13.
10
Suppose 25*v + 2*u = 21*v + 726, 0 = 5*v + u - 897. Calculate the remainder when 599 is divided by v.
65
Let f be (2 - 15/(-10)) + 6/4. Let p(w) = f*w - 12*w + 8*w + 21*w**2. Calculate the remainder when 53 is divided by p(-1).
13
Let s(v) be the first derivative of -v**3/3 + 17*v**2/2 + 6*v + 1. Suppose -28*d = 18*d - 690. What is the remainder when 139 is divided by s(d)?
31
Suppose 5 - 15 = -5*v. Suppose 12*s - 310 = v*s. Suppose -36*t + 500 = -s*t. What is the remainder when t is divided by 35?
30
Let i be 7/35 + (19932/(-15))/4. Let g = i - -337. Calculate the remainder when 67 is divided by g.
2
Let w = 290 + -250. Let k(y) = 2*y - 26. Calculate the remainder when w is divided by k(24).
18
What is the remainder when 100*2/(72/387) is divided by 346?
37
Let p(g) = 20*g. Let b be p(3). Suppose -2*j + b = 2. Calculate the remainder when 456/(-16)*(-4 + 0) is divided by j.
27
Let m(p) = -2*p**2 + 39*p + 26. Suppose -3*h - 236 = -4*c - 6*h, 0 = c - h - 52. What is the remainder when m(17) is divided by c?
55
Let a(x) = x**2 - 24*x + 564. What is the remainder when a(27) is divided by 11?
7
Let v = 82 - 77. Suppose -v*l + 500 + 190 = 0. Suppose 0 = -2*w + n + 4*n + 49, -5*w - 3*n = -l. What is the remainder when w is divided by 6?
3
Let n(d) = -d**2 + 21*d + 19. Suppose 8*a - a = 21. Suppose -a*j = 40 - 106. What is the remainder when n(20) is divided by j?
17
Suppose -2364 = -8*z - 96 - 404. Calculate the remainder when z is divided by 21.
2
Let b(u) = -u**2 - 20*u - 24. Let r(i) = 10*i + 146. Let q be r(-16). Calculate the remainder when b(q) is divided by 20.
0
Let p(z) = 11*z**2 - 41*z - 163. Calculate the remainder when p(-6) is divided by 131.
86
Suppose u - 113 = -4*x, -3*u + 7*u - 144 = -5*x. Suppose 0 = -x*r + 27*r - 2. Calculate the remainder when (8 - 7)/(r*2/(-140)) is divided by 13.
9
Suppose -q = -4*u - 31, -5*q = -4*u - 11 - 96. Suppose -q*r + 1198 = -17*r. What is the remainder when r is divided by 60?
59
Let j(k) = 74*k**3 + k**2 - 1. Suppose 0*b = -3*t - 3*b, 4*t + 3*b - 1 = 0. Calculate the remainder when j(t) is divided by 19.
17
Let p(s) = -6*s**3 + 18*s**2 + 37*s - 3. What is the remainder when p(-7) is divided by 47?
46
Suppose -196*i = -192*i + 12. Calculate the remainder when (-101)/i - 168/(-126) is divided by 18.
17
Let d(t) = -9*t**2 - 39*t - 2. Calculate the remainder when 15 is divided by d(-4).
5
Let k = -799 - -1566. Suppose -k = 27*v - 3629. Calculate the remainder when v is divided by (-54)/(-4)*8/6.
16
Suppose -16*f - 48 = -12*f. Let g(w) = -3*w + 36. Calculate the remainder when g(f) is divided by 20.
12
Let u = 31 + -26. Suppose 5*n - l = 132, 4*n - u*n - 4*l + 18 = 0. Calculate the remainder when n is divided by 6/2 + -10 + 23.
10
Suppose 0 = -5*j - 20*l + 24*l + 6044, 4774 = 4*j + 7*l. What is the remainder when j is divided by 298?
12
Let o(j) = 62*j**2 + 397*j + 797. Calculate the remainder when o(-2) is divided by 15.
11
Let r(f) = 2*f - 228. Let w be r(-26). Let k = 358 + w. Calculate the remainder when 309 is divided by k.
75
Let h = -63 + 90. Let t(l) = -l**3 - 31*l**2 - 30*l - 20. Let q be t(-30). Calculate the remainder when h is divided by 8/q + (-6)/10 + 11.
7
Let n(k) = 5*k - 9. Let f = -13 + 17. Suppose 4 = 4*a - f. Calculate the remainder when n(3) is divided by a.
0
Let s(u) = u**3 - 4*u**2 + 13*u - 23. Calculate the remainder when s(6) is divided by 124.
3
Suppose 4*l = -2*y - 2 + 14, 30 = 2*l - 5*y. Suppose 149*r + 36*r = -208*r + 11790. Calculate the remainder when r is divided by l.
0
Suppose -2*o = -2*r + 534, 14*r - 9*r - 1342 = -2*o. Calculate the remainder when r is divided by 126.
16
Let d = -297 - -575. Suppose -5*x - 99 = -2*o, -4*o = -5*x + 75 - d. What is the remainder when 311 is divided by o?
51
Suppose -65*i + 50925 = 19*i - 9*i. What is the remainder when i is divided by 50?
29
Let h = -11 - -13. Suppose -c + h*z + z + 18 = 0, c + z = 10. Let q = 4128 + -3914. What is the remainder when q is divided by c?
10
What is the remainder when 6*-1 - (260/13)/((-4)/418) is divided by 36?
32
Let d(t) = -t - 4. Let z be d(-7). Suppose 2*u + 33 = 3*u - z*b, 23 = u - b. What is the remainder when 66 is divided by u?
12
Let s(u) = -22*u + 125. Let x be s(5). Suppose -x*l = -162 + 42. What is the remainder when 20 is divided by l?
4
Let o(p) = -2*p**2 + 13*p + 91. Let t be o(17). Let y = t - -276. Let b(h) = 34*h**3 + h**2 - h + 1. What is the remainder when b(1) is divided by y?
5
Calculate the remainder when 17*3 - (-65 - -63) is divided by (14/4)/((-32)/(-64)).
4
Let s(u) = -119*u - 1167. Calculate the remainder when 33876 is divided by s(-10).
20
What is the remainder when 4/8 + (-39860)/(-40) is divided by 50?
47
Let j = -26 + 26. Suppose j*w = -10*w + 2130. Calculate the remainder when w is divided by 55.
48
Let i be (-2)/(-6)*0 - 0. Suppose i = -s + 6 + 16. Suppose -5*h + 491 = 61. What is the remainder when h is divided by s?
20
Let u be ((-205)/(-35) + -5)*35. Suppose -f + 29 + u = 0. Calculate the remainder when f is divided by 10.
9
Let g = 1083 - 1026. What is the remainder when g is divided by 1*(17 + 7 + -4)?
17
Suppose g = 3*h - 65, 0 = -4*h - 2*g - g + 65. Suppose -13*u = u + 952. Let t = 105 + u. What is the remainder when t is divided by h?
17
What is the remainder when 240 is divided by (1 - 0)/((-168)/(-13944))?
74
Let x(k) = -2*k**3 - 16*k**2 - 97*k + 21. What is the remainder when x(-7) is divided by 215?
172
Suppose -2*j - 506 = -2*c, j = 4*c + 4*j - 1026. Suppose 14*a + c = 969. Let l = 1 - -17. What is the remainder when a is divided by l?
15
Suppose -2*o - 6*a - 6 = -0, -5*a = -5. What is the remainder when ((-498)/10)/(o/10) is divided by (-16)/10*(-30)/4?
11
Let c = -5342 + 8976. What is the remainder when c is divided by 5?
4
Suppose -718*n = -708*n - 3430. What is the remainder when n is divided by 149?
45
Let r = -3103 - -3565. What is the remainder when r is divided by 3?
0
Let a(q) = 10*q**2 + 7*q - 22. Let u be -1 - (-2 + -3) - 9. Let t be a(u). Suppose 4*x - 139 - t = 0. Calc